 be (-23009)/7 - (-22)/11. Let b = 5173 + n. What is the thousands digit of b?
1
Let i = 38 - 59. Let q = -7 - 49. Let m = i - q. What is the tens digit of m?
3
Let k(l) = l**2 - 18*l + 34. Let z be k(5). Let t(a) = 50*a**3 + 2*a - 1. Let i be t(1). Let j = i + z. What is the units digit of j?
0
Suppose 6 = -q - 3*p, -3*p + 62 = -4*q + 23. Let h(c) = -98*c + 42. What is the hundreds digit of h(q)?
9
Suppose 8*y - 66028 = -5356. What is the units digit of y?
4
Let k = -33 + 39. Suppose 0*y - 4*y = -2*l + 26, 2*l = 10. What is the units digit of (-8)/k - 399/9*y?
6
Let s = 513 - -8079. What is the hundreds digit of s?
5
Let z(l) = -15 + 65*l + 48*l - 1 + 21*l. What is the hundreds digit of z(3)?
3
Let q be 2 - -5 - (9 + -1). What is the hundreds digit of (3 + 230/(-20))*20/q?
1
Let z = 15411 - 4402. What is the tens digit of z?
0
Let d = -801 + 485. What is the hundreds digit of (-4)/40*-5*-2*d?
3
Let f = 158 - 80. What is the hundreds digit of (-4)/26 - (-49542)/f?
6
Suppose -66830 = 980*z - 990*z. What is the hundreds digit of z?
6
Let k(r) = 10*r**2 - 64*r - 900. What is the hundreds digit of k(41)?
2
Let k = 19363 + -12121. What is the units digit of k?
2
Suppose 0 = -t + o - 22819, 2*t + 4*o = -3*t - 114104. What is the hundreds digit of ((-2)/(-5))/(7*(-4)/t)?
3
Let u = -618 + 623. Let a(v) = 2*v**3 + v**2 - 6*v + 3. What is the units digit of a(u)?
8
Let h(l) = -3052*l - 11743. What is the thousands digit of h(-7)?
9
Let n(p) = -22*p - 318. Let y(r) = r**2 + 26*r + 84. Let z be y(-7). What is the tens digit of n(z)?
6
Let a = -10782 - -20136. What is the units digit of a?
4
Suppose -2*g + 12*m = -196778, 5*g - 4*m + 98319 = 6*g. What is the thousands digit of g?
8
Let r be 13*16/1352 + 52388/13. Suppose 2*t - 1712 = -3*y, -1432 + r = 3*t - 3*y. What is the hundreds digit of t?
8
Let n(b) = 26*b + 1. Suppose 5*h = 6*h - 77. Let r = -72 + h. What is the tens digit of n(r)?
3
Suppose -4*x + 5*x - 2*i = 69, 2*i - 231 = -3*x. Suppose -5*a = 5*p - x, 0 = -4*a + 5*p - 4*p + 65. Suppose -15*q = -a*q + 3. What is the units digit of q?
3
Let h be 1/(12/18)*374. Let f = -324 + h. What is the tens digit of f?
3
Let z(i) = 1120*i + 104. Let g be z(7). What is the tens digit of (g/36)/(4/6)?
3
Let r(n) = 3*n + 8. Let x(b) = b + 17. Let c be x(-19). Let k be r(c). Suppose -5*o + 5*j = -4*o - 94, k*o - 5*j - 178 = 0. What is the units digit of o?
4
What is the ten thousands digit of (-758736)/(-21) + 1 - 186/651?
3
Let i(o) = 110*o + 275. Let c(g) = 10*g + 25. Let b(s) = 65*c(s) - 6*i(s). What is the tens digit of b(-8)?
5
Let h(n) = 10*n**2 - 5*n**2 - 3*n - 81 + 164 - 81. Let a be h(1). Suppose -a*t + t + 720 = 0. What is the units digit of t?
0
Let n = -3873 + 8990. What is the hundreds digit of n?
1
Let x(o) = o**2 - o - 3. Let f be x(2). Let q be (6/9)/(4/(-6) - f). Suppose 3*p = 38 - q. What is the tens digit of p?
1
Let r(d) be the second derivative of d**5/60 + d**4/6 - d**3/3 + 15*d**2/2 - d. Let i(h) be the first derivative of r(h). What is the tens digit of i(-8)?
3
Let q = 2775 + -2773. Let l(k) = -k + 25. Let o be l(0). Let c = q + o. What is the tens digit of c?
2
What is the thousands digit of 270419/119 + (-30)/21?
2
Suppose 13*c - 93*c + 1003980 = -20*c. What is the units digit of c?
3
Suppose -11*b = 5*h - 2*h - 75197, -4*b - 2*h + 27348 = 0. What is the hundreds digit of b?
8
Let x(w) = 3*w**3 - w**2 + 8*w - 6. Let f be x(1). Let d(r) = 40*r**2 - 2*r + 24. What is the units digit of d(f)?
6
Suppose -312*q = -318*q - 30, 5*c + 5*q = 75145. What is the ten thousands digit of c?
1
Suppose -5*o + 4*j = -9, 20 = 3*o + j + 1. Suppose 0 = -w - 3*w, 0 = -4*d + o*w + 772. What is the tens digit of d?
9
Let d(k) = 17*k**2 - 4*k + 8. Let j be d(-3). Suppose -j = -p - 33. Let s = 101 + p. What is the tens digit of s?
4
Let d = -14097 + 26764. What is the tens digit of d?
6
Suppose 5*m = u + 4301, -2*m + m + 4*u = -864. Suppose 2*c + 2*v = 448 + m, -3*c + 1964 = 5*v. What is the hundreds digit of c?
6
Suppose 0 = a + 5*w - 26351, a - 8*w + 435 = 26903. What is the hundreds digit of a?
3
Let y = 21823 + -12344. What is the tens digit of y?
7
Suppose 0 = -8*b - 52 - 380. Let m = b + 51. What is the tens digit of 18 + (-8)/(-2) + m?
1
Let p = 15989 - -2987. What is the units digit of p?
6
Let v(n) = -26*n + 43. Suppose 20*j = 16*j - 32. What is the units digit of v(j)?
1
Suppose -7*g + 375 = -5*b - 2*g, 4*b - 5*g = -299. Let h = b + 43. Let a = -8 - h. What is the units digit of a?
5
Let o(n) = n**3 + 3*n**2 + 2*n + 2. Let v be o(-2). Suppose 133 = 27*k + 25. Suppose -v*c + a = -110, -8 = k*a - 2*a. What is the tens digit of c?
5
Let h(d) = -2*d**3 + 6*d**2 - d + 1. Let j be h(-5). Let s = 1011 - j. What is the hundreds digit of s?
6
Let t(p) = p - 3. Let h be t(6). Let z be 12/h - 4 - -4. Suppose -4*o = -o, -z*y = o - 284. What is the tens digit of y?
7
Suppose -9*w - 3124 = 62*w. Let r be 4/6 - (-546)/(-9). Let s = w - r. What is the tens digit of s?
1
Let r(j) be the second derivative of 47*j**4/12 - 5*j**3/6 - 5*j**2 - 75*j. What is the units digit of r(-4)?
2
Let d(x) = -8*x + 12. Let w be d(-24). Let z = 286 - w. Let m = -25 + z. What is the tens digit of m?
5
Suppose -15*y + 244 = -16*y + 5*w, y + 280 = -4*w. Let c = 678 + y. What is the tens digit of c?
1
Suppose 0 = -a + 5*d + 119 + 4622, -3*d + 4717 = a. Suppose 0 = 9*v - 8180 - a. What is the tens digit of v?
3
What is the thousands digit of -8*14*(-982)/8?
3
Suppose -3*n - 4*q + 21489 = 0, -4*n - q = -6*q - 28714. What is the tens digit of n?
7
Let c(a) = 585*a - 65. Let q be c(4). Suppose 2*g - 7*g - 5*m + q = 0, -4 = -2*m. What is the tens digit of g?
5
Let m(s) = -2 + 0*s**2 + 2*s**3 + 3*s**2 + 5*s**2 - 11*s**2 + 23*s. What is the units digit of m(5)?
8
Let l(c) = 9708*c + 6360. What is the thousands digit of l(4)?
5
Let q(v) = -1055*v - 1135. What is the ten thousands digit of q(-40)?
4
Let s(n) = 217*n + 3. Let h be s(-1). Let q = h - -310. Let l = q + -40. What is the tens digit of l?
5
Let k be (6/(-21))/((-1)/14). Suppose 136 = -i - k*t + 497, -i = 2*t - 371. Let d = i + -205. What is the hundreds digit of d?
1
Suppose 5*w = 3*z + 6814, -5*z + 0*z - 5*w - 11330 = 0. What is the hundreds digit of z/(-15) - (-24)/(-120)?
1
Suppose 0 = -4*g + 153 + 215. Let h = g + -40. What is the tens digit of h?
5
Let i(n) = -8*n - 3. Let t = -67 - -66. Let o be i(t). Suppose -4*j - j + 505 = 5*k, 3*j + o*k - 299 = 0. What is the units digit of j?
3
Suppose 5*u = -5*q + 9775, 2036 - 93 = u + 4*q. Suppose -113 - u = -14*f. What is the hundreds digit of f?
1
Let j(y) be the third derivative of -5*y**3 + 15*y**2 - 1/8*y**4 + 1/30*y**5 + 0*y + 0. What is the tens digit of j(-7)?
8
Suppose 0*q - 5 = -j + 5*q, 3*j - 3*q - 63 = 0. Let o = j + -23. Suppose -o*u - 2*u - 168 = -5*k, -36 = -k + 2*u. What is the tens digit of k?
3
What is the ten thousands digit of 13021 + (1 - (-17 - -6)) + -5?
1
What is the tens digit of 2484*(-9)/(162/(-96))?
4
Let b(n) = 3777*n**3 + n**2 - 2*n + 1. Let u be b(1). Suppose 4*x + 3*o = -0*x + 5011, 3*x - 4*o = u. What is the thousands digit of x?
1
Let n(v) = 0*v**2 - 10*v**2 - 27 + 3*v**2 + 3*v**3 + 8*v**2. What is the hundreds digit of n(8)?
5
Let q(k) = k**3 + 12*k**2 + 5*k - 26. Let v be q(-7). Suppose v = -43*o + 51*o. What is the units digit of o?
3
Let h = -41 - -100. Let t = 79 + h. Suppose -t = -y - 24. What is the hundreds digit of y?
1
Let f(x) = -36023*x + 5469. What is the units digit of f(-2)?
5
Suppose -2*h = 7 - 3. Let t be 591 + -7 - (h - -1 - -1). Let p = t + -407. What is the hundreds digit of p?
1
Suppose 0 = 2*z - 95 - 35. Suppose 32 - z = i. What is the units digit of ((44/i)/(2/21))/(-1)?
4
What is the units digit of (-2 - 446/(-6))/(4/636) + 5?
6
Suppose 0 = -250*g + 246*g + 420. What is the units digit of 6/14 - (-55605)/g?
0
Suppose -5*v = -5*y - 5090, -8*y + 3*y + 5130 = 5*v. Let o = v + -596. What is the tens digit of o?
2
Suppose -35*m = 23925 - 290870. Suppose 2030 + m = 9*h. What is the tens digit of h?
7
Let g = -155 + 157. What is the tens digit of ((-6)/10)/(g/(-3340))?
0
Let c = 40 - 40. Let i be 0 + (-5)/25*c. Suppose 128 = 2*k - 0*g + 4*g, -2*g - 4 = i. What is the tens digit of k?
6
Let w = 1666 - -5680. What is the thousands digit of